[INFO] fetching crate sshmount 0.1.3...
[INFO] checking sshmount-0.1.3 against master#e6e4f7ed1589e03bc2f6c5931c1a72e7947e8682 for beta-170-4
[INFO] extracting crate sshmount 0.1.3 into /workspace/builds/worker-6-tc2/source
[INFO] validating manifest of crates.io crate sshmount 0.1.3 on toolchain e6e4f7ed1589e03bc2f6c5931c1a72e7947e8682
[INFO] running `Command { std: CARGO_HOME="/workspace/cargo-home" RUSTUP_HOME="/workspace/rustup-home" "/workspace/cargo-home/bin/cargo" "+e6e4f7ed1589e03bc2f6c5931c1a72e7947e8682" "metadata" "--manifest-path" "Cargo.toml" "--no-deps", kill_on_drop: false }`
[INFO] started tweaking crates.io crate sshmount 0.1.3
[INFO] finished tweaking crates.io crate sshmount 0.1.3
[INFO] tweaked toml for crates.io crate sshmount 0.1.3 written to /workspace/builds/worker-6-tc2/source/Cargo.toml
[INFO] crate crates.io crate sshmount 0.1.3 already has a lockfile, it will not be regenerated
[INFO] running `Command { std: CARGO_HOME="/workspace/cargo-home" RUSTUP_HOME="/workspace/rustup-home" "/workspace/cargo-home/bin/cargo" "+e6e4f7ed1589e03bc2f6c5931c1a72e7947e8682" "fetch" "--manifest-path" "Cargo.toml", kill_on_drop: false }`
[INFO] running `Command { std: "docker" "create" "-v" "/var/lib/crater-agent-workspace/builds/worker-6-tc2/target:/opt/rustwide/target:rw,Z" "-v" "/var/lib/crater-agent-workspace/builds/worker-6-tc2/source:/opt/rustwide/workdir:ro,Z" "-v" "/var/lib/crater-agent-workspace/cargo-home:/opt/rustwide/cargo-home:ro,Z" "-v" "/var/lib/crater-agent-workspace/rustup-home:/opt/rustwide/rustup-home:ro,Z" "-e" "SOURCE_DIR=/opt/rustwide/workdir" "-e" "CARGO_TARGET_DIR=/opt/rustwide/target" "-e" "CARGO_HOME=/opt/rustwide/cargo-home" "-e" "RUSTUP_HOME=/opt/rustwide/rustup-home" "-w" "/opt/rustwide/workdir" "-m" "1610612736" "--user" "0:0" "--network" "none" "ghcr.io/rust-lang/crates-build-env/linux@sha256:19e73879b68f455e41552ea35293514db52ea292d993f571636dbffedb77a1ee" "/opt/rustwide/cargo-home/bin/cargo" "+e6e4f7ed1589e03bc2f6c5931c1a72e7947e8682" "metadata" "--no-deps" "--format-version=1", kill_on_drop: false }`
[INFO] [stdout] 06a8c15ea6f5a8e049a20aba71f8ef03586885cff0e69c864a570a021182a6ba
[INFO] running `Command { std: "docker" "start" "-a" "06a8c15ea6f5a8e049a20aba71f8ef03586885cff0e69c864a570a021182a6ba", kill_on_drop: false }`
[INFO] running `Command { std: "docker" "inspect" "06a8c15ea6f5a8e049a20aba71f8ef03586885cff0e69c864a570a021182a6ba", kill_on_drop: false }`
[INFO] running `Command { std: "docker" "rm" "-f" "06a8c15ea6f5a8e049a20aba71f8ef03586885cff0e69c864a570a021182a6ba", kill_on_drop: false }`
[INFO] [stdout] 06a8c15ea6f5a8e049a20aba71f8ef03586885cff0e69c864a570a021182a6ba
[INFO] running `Command { std: "docker" "create" "-v" "/var/lib/crater-agent-workspace/builds/worker-6-tc2/target:/opt/rustwide/target:rw,Z" "-v" "/var/lib/crater-agent-workspace/builds/worker-6-tc2/source:/opt/rustwide/workdir:ro,Z" "-v" "/var/lib/crater-agent-workspace/cargo-home:/opt/rustwide/cargo-home:ro,Z" "-v" "/var/lib/crater-agent-workspace/rustup-home:/opt/rustwide/rustup-home:ro,Z" "-e" "SOURCE_DIR=/opt/rustwide/workdir" "-e" "CARGO_TARGET_DIR=/opt/rustwide/target" "-e" "CARGO_INCREMENTAL=0" "-e" "RUST_BACKTRACE=full" "-e" "RUSTFLAGS=--cap-lints=forbid" "-e" "RUSTDOCFLAGS=--cap-lints=forbid" "-e" "CARGO_HOME=/opt/rustwide/cargo-home" "-e" "RUSTUP_HOME=/opt/rustwide/rustup-home" "-w" "/opt/rustwide/workdir" "-m" "1610612736" "--user" "0:0" "--network" "none" "ghcr.io/rust-lang/crates-build-env/linux@sha256:19e73879b68f455e41552ea35293514db52ea292d993f571636dbffedb77a1ee" "/opt/rustwide/cargo-home/bin/cargo" "+e6e4f7ed1589e03bc2f6c5931c1a72e7947e8682" "check" "--frozen" "--all" "--all-targets" "--message-format=json", kill_on_drop: false }`
[INFO] [stdout] 2eda31a141a8f6ec2c4583627d7482a3bec8dea0f8a8d45ee24561bce05518e9
[INFO] running `Command { std: "docker" "start" "-a" "2eda31a141a8f6ec2c4583627d7482a3bec8dea0f8a8d45ee24561bce05518e9", kill_on_drop: false }`
[INFO] [stderr]    Compiling libc v0.2.144
[INFO] [stderr]    Compiling pkg-config v0.3.27
[INFO] [stderr]    Compiling proc-macro2 v1.0.58
[INFO] [stderr]    Compiling quote v1.0.27
[INFO] [stderr]    Compiling io-lifetimes v1.0.10
[INFO] [stderr]    Compiling rustix v0.37.19
[INFO] [stderr]     Checking linux-raw-sys v0.3.8
[INFO] [stderr]    Compiling syn v1.0.109
[INFO] [stderr]     Checking utf8parse v0.2.1
[INFO] [stderr]    Compiling parking_lot_core v0.8.6
[INFO] [stderr]     Checking anstyle-parse v0.2.0
[INFO] [stderr]     Checking option-ext v0.2.0
[INFO] [stderr]     Checking anstyle v1.0.0
[INFO] [stderr]     Checking colorchoice v1.0.0
[INFO] [stderr]     Checking anstyle-query v1.0.0
[INFO] [stderr]     Checking regex-syntax v0.7.2
[INFO] [stderr]     Checking byteorder v1.4.3
[INFO] [stderr]    Compiling heck v0.4.1
[INFO] [stderr]    Compiling libz-sys v1.1.9
[INFO] [stderr]    Compiling openssl-sys v0.9.87
[INFO] [stderr]    Compiling libssh2-sys v0.3.0
[INFO] [stderr]    Compiling fuser v0.12.0
[INFO] [stderr]    Compiling syn v2.0.16
[INFO] [stderr]     Checking clap_lex v0.5.0
[INFO] [stderr]     Checking bitflags v2.3.1
[INFO] [stderr]     Checking shell-words v1.1.0
[INFO] [stderr]     Checking zeroize v1.6.0
[INFO] [stderr]     Checking wildmatch v2.1.1
[INFO] [stderr]     Checking home v0.5.5
[INFO] [stderr]     Checking regex v1.8.2
[INFO] [stderr]     Checking dirs-sys v0.4.1
[INFO] [stderr]     Checking dirs v5.0.1
[INFO] [stderr]     Checking socket2 v0.5.3
[INFO] [stderr]     Checking parking_lot v0.11.2
[INFO] [stderr]     Checking console v0.15.7
[INFO] [stderr]     Checking users v0.11.0
[INFO] [stderr]     Checking page_size v0.4.2
[INFO] [stderr]     Checking dns-lookup v2.0.2
[INFO] [stderr]     Checking daemonize v0.5.0
[INFO] [stderr]    Compiling zerocopy-derive v0.3.2
[INFO] [stderr]     Checking is-terminal v0.4.7
[INFO] [stderr]     Checking tempfile v3.5.0
[INFO] [stderr]     Checking anstream v0.3.2
[INFO] [stderr]     Checking dialoguer v0.10.4
[INFO] [stderr]     Checking clap_builder v4.3.0
[INFO] [stderr]     Checking env_logger v0.10.0
[INFO] [stderr]    Compiling thiserror-impl v1.0.40
[INFO] [stderr]    Compiling clap_derive v4.3.0
[INFO] [stderr]     Checking zerocopy v0.6.1
[INFO] [stderr]     Checking ssh2 v0.9.4
[INFO] [stderr]     Checking thiserror v1.0.40
[INFO] [stderr]     Checking ssh2-config v0.2.0
[INFO] [stderr]     Checking clap v4.3.0
[INFO] [stderr]     Checking sshmount v0.1.3 (/opt/rustwide/workdir)
[INFO] [stdout] error[E0271]: type mismatch resolving `<RemoteName as FromStr>::Err == String`
[INFO] [stdout]    --> src/cmdline_opt.rs:162:47
[INFO] [stdout]     |
[INFO] [stdout] 162 |         let r: Result<RemoteName, String> = s.parse();
[INFO] [stdout]     |                                               ^^^^^ type mismatch resolving `<RemoteName as FromStr>::Err == String`
[INFO] [stdout]     |
[INFO] [stdout] note: expected this to be `ErrorRemoteName`
[INFO] [stdout]    --> src/cmdline_opt.rs:76:16
[INFO] [stdout]     |
[INFO] [stdout] 76  |     type Err = ErrorRemoteName;
[INFO] [stdout]     |                ^^^^^^^^^^^^^^^
[INFO] [stdout] 
[INFO] [stdout] 
[INFO] [stdout] error[E0271]: type mismatch resolving `<RemoteName as FromStr>::Err == String`
[INFO] [stdout]    --> src/cmdline_opt.rs:169:47
[INFO] [stdout]     |
[INFO] [stdout] 169 |         let r: Result<RemoteName, String> = s.parse();
[INFO] [stdout]     |                                               ^^^^^ type mismatch resolving `<RemoteName as FromStr>::Err == String`
[INFO] [stdout]     |
[INFO] [stdout] note: expected this to be `ErrorRemoteName`
[INFO] [stdout]    --> src/cmdline_opt.rs:76:16
[INFO] [stdout]     |
[INFO] [stdout] 76  |     type Err = ErrorRemoteName;
[INFO] [stdout]     |                ^^^^^^^^^^^^^^^
[INFO] [stdout] 
[INFO] [stdout] 
[INFO] [stdout] error[E0271]: type mismatch resolving `<RemoteName as FromStr>::Err == String`
[INFO] [stdout]    --> src/cmdline_opt.rs:176:47
[INFO] [stdout]     |
[INFO] [stdout] 176 |         let r: Result<RemoteName, String> = s.parse();
[INFO] [stdout]     |                                               ^^^^^ type mismatch resolving `<RemoteName as FromStr>::Err == String`
[INFO] [stdout]     |
[INFO] [stdout] note: expected this to be `ErrorRemoteName`
[INFO] [stdout]    --> src/cmdline_opt.rs:76:16
[INFO] [stdout]     |
[INFO] [stdout] 76  |     type Err = ErrorRemoteName;
[INFO] [stdout]     |                ^^^^^^^^^^^^^^^
[INFO] [stdout] 
[INFO] [stdout] 
[INFO] [stdout] error: aborting due to 3 previous errors
[INFO] [stdout] 
[INFO] [stdout] 
[INFO] [stdout] For more information about this error, try `rustc --explain E0271`.
[INFO] [stdout] 
[INFO] [stderr] error: could not compile `sshmount` (bin "sshmount" test) due to 4 previous errors
[INFO] [stderr] warning: build failed, waiting for other jobs to finish...
[INFO] running `Command { std: "docker" "inspect" "2eda31a141a8f6ec2c4583627d7482a3bec8dea0f8a8d45ee24561bce05518e9", kill_on_drop: false }`
[INFO] running `Command { std: "docker" "rm" "-f" "2eda31a141a8f6ec2c4583627d7482a3bec8dea0f8a8d45ee24561bce05518e9", kill_on_drop: false }`
[INFO] [stdout] 2eda31a141a8f6ec2c4583627d7482a3bec8dea0f8a8d45ee24561bce05518e9
